 of 714 and 6?
6
What is the highest common divisor of 11049 and 58?
29
Calculate the highest common factor of 529 and 598.
23
Calculate the highest common divisor of 40 and 2808.
8
Calculate the greatest common divisor of 148 and 7252.
148
What is the highest common divisor of 80 and 210?
10
Calculate the highest common divisor of 13 and 20761.
13
Calculate the greatest common factor of 3940 and 40.
20
Calculate the highest common divisor of 7560 and 432.
216
Calculate the greatest common divisor of 410 and 1189.
41
What is the highest common divisor of 26 and 14?
2
Calculate the highest common factor of 1799 and 7.
7
Calculate the highest common factor of 7 and 427.
7
What is the greatest common factor of 5 and 247?
1
Calculate the highest common divisor of 319 and 583.
11
Calculate the highest common factor of 60 and 24.
12
Calculate the highest common factor of 5900 and 3068.
236
Calculate the highest common divisor of 18 and 261.
9
What is the highest common divisor of 86058 and 42?
42
Calculate the highest common divisor of 210 and 490.
70
Calculate the greatest common factor of 47 and 376.
47
Calculate the highest common factor of 59089 and 37.
37
Calculate the greatest common factor of 270 and 243.
27
Calculate the greatest common divisor of 2992 and 64.
16
Calculate the highest common divisor of 387 and 2967.
129
What is the greatest common factor of 1168 and 73?
73
Calculate the greatest common divisor of 36 and 252.
36
Calculate the greatest common divisor of 123 and 6.
3
What is the highest common divisor of 210 and 56?
14
What is the greatest common divisor of 391 and 153?
17
Calculate the greatest common divisor of 288 and 81.
9
Calculate the highest common factor of 43 and 344.
43
What is the greatest common divisor of 16 and 256?
16
Calculate the greatest common factor of 575 and 50.
25
Calculate the greatest common divisor of 288 and 18.
18
Calculate the highest common divisor of 108 and 84.
12
What is the greatest common divisor of 390 and 2355?
15
Calculate the highest common factor of 851 and 23.
23
Calculate the highest common divisor of 437 and 23.
23
Calculate the greatest common divisor of 84 and 672.
84
Calculate the greatest common factor of 95 and 395.
5
What is the greatest common divisor of 21902 and 699?
233
What is the highest common divisor of 15 and 7545?
15
What is the highest common divisor of 176 and 440?
88
What is the highest common factor of 12 and 96?
12
What is the highest common factor of 184 and 598?
46
What is the greatest common factor of 106289 and 157?
157
What is the highest common factor of 1152 and 72?
72
Calculate the greatest common divisor of 1309 and 7497.
119
What is the greatest common factor of 15 and 255?
15
What is the highest common factor of 240 and 150?
30
Calculate the highest common factor of 8086 and 130.
26
Calculate the highest common factor of 17 and 18071.
17
Calculate the highest common divisor of 16258 and 22.
22
Calculate the highest common divisor of 104 and 72.
8
Calculate the greatest common divisor of 112 and 84.
28
Calculate the greatest common divisor of 13512 and 24.
24
What is the greatest common divisor of 141 and 21573?
141
What is the greatest common divisor of 190 and 10?
10
What is the greatest common factor of 366 and 408?
6
Calculate the greatest common divisor of 4018 and 196.
98
Calculate the greatest common divisor of 56 and 328.
8
Calculate the highest common divisor of 110 and 33.
11
Calculate the highest common factor of 82 and 27593.
41
Calculate the greatest common factor of 6800 and 40.
40
Calculate the greatest common divisor of 140 and 22820.
140
Calculate the greatest common divisor of 21 and 63.
21
What is the highest common divisor of 432 and 528?
48
What is the highest common factor of 35 and 1267?
7
Calculate the highest common divisor of 27 and 351.
27
What is the greatest common factor of 4 and 124?
4
What is the highest common factor of 3 and 2841?
3
What is the greatest common factor of 2196 and 396?
36
What is the highest common factor of 8289 and 216?
27
What is the highest common divisor of 11 and 99?
11
Calculate the highest common divisor of 22 and 803.
11
Calculate the greatest common factor of 391 and 3060.
17
What is the highest common divisor of 18 and 234?
18
Calculate the highest common factor of 341 and 248.
31
What is the highest common divisor of 147 and 189?
21
Calculate the highest common divisor of 19 and 3287.
19
Calculate the highest common divisor of 13735 and 67.
67
What is the highest common divisor of 35 and 1701?
7
Calculate the greatest common divisor of 83 and 41749.
83
Calculate the greatest common factor of 108 and 48.
12
Calculate the greatest common factor of 37 and 481.
37
Calculate the highest common divisor of 8 and 12.
4
What is the greatest common factor of 4 and 36?
4
What is the highest common factor of 141 and 987?
141
What is the greatest common divisor of 224 and 3808?
224
Calculate the highest common factor of 175 and 14.
7
Calculate the greatest common factor of 5467 and 77.
77
Calculate the highest common divisor of 52 and 3692.
52
Calculate the greatest common factor of 32 and 3152.
16
Calculate the highest common divisor of 5406 and 102.
102
Calculate the greatest common divisor of 1815 and 45.
15
Calculate the greatest common factor of 1640 and 369.
41
Calculate the greatest common factor of 473 and 341.
11
What is the greatest common divisor of 351 and 2295?
27
Calculate the highest common divisor of 3058 and 2641.
139
Calculate the highest common factor of 104 and 6305.
13
What is the highest common factor of 96 and 224?
32
What is the highest common factor of 170 and 25?
5
What is the highest common divisor of 11 and 4?
1
Calculate the greatest common divisor of 101 and 1212.
101
Calculate the greatest common divisor of 19154 and 628.
314
What is the highest common divisor of 6821 and 38?
19
Calculate the greatest common factor of 2198 and 56.
14
What is the highest common divisor of 22 and 374?
22
Calculate the greatest common divisor of 22 and 297.
11
What is the highest common divisor of 39 and 6?
3
Calculate the greatest common factor of 726 and 220.
22
What is the highest common factor of 43 and 8?
1
What is the highest common divisor of 3 and 4?
1
What is the highest common factor of 1755 and 130?
65
Calculate the highest common divisor of 1175 and 1457.
47
What is the highest common factor of 156 and 104?
52
What is the highest common divisor of 95 and 30?
5
Calculate the highest common divisor of 1216 and 722.
38
What is the greatest common factor of 130 and 208?
26
What is the highest common divisor of 13 and 598?
13
What is the greatest common divisor of 62931 and 22?
11
Calculate the highest common divisor of 118 and 6254.
118
Calculate the greatest common factor of 117 and 195.
39
What is the highest common factor of 848 and 80?
16
Calculate the greatest common divisor of 465 and 45.
15
Calculate the greatest common factor of 256 and 56.
8
Calculate the highest common divisor of 14 and 24542.
14
What is the greatest common factor of 6854 and 46?
46
Calculate the highest common divisor of 7700 and 150.
50
What is the highest common factor of 2214 and 207?
9
What is the greatest common factor of 70 and 322?
14
What is the greatest common divisor of 172 and 473?
43
Calculate the greatest common factor of 1100 and 220.
220
Calculate the greatest common factor of 239 and 14101.
239
What is the greatest common factor of 18 and 450?
18
What is the greatest common factor of 6 and 192?
6
What is the highest common factor of 3790 and 30?
10
Calculate the greatest common factor of 9555 and 390.
195
Calculate the greatest common factor of 42 and 168.
42
Calculate the greatest common factor of 181 and 1.
1
Calculate the highest common factor of 171 and 399.
57
What is the highest common factor of 7080 and 390?
30
What is the highest common divisor of 692 and 4?
4
Calculate the highest common factor of 304 and 336.
16
What is the greatest common factor of 55 and 319?
11
What is the greatest common divisor of 63 and 861?
21
Calculate the highest common factor of 938 and 105.
7
Calculate the highest common divisor of 78 and 975.
39
What is the highest common factor of 4117 and 23?
23
Calcu